{"id":12011,"date":"2025-03-25T12:34:06","date_gmt":"2025-03-25T11:34:06","guid":{"rendered":"https:\/\/www.starsellersworld.com\/intl\/?page_id=12011"},"modified":"2026-01-09T15:26:11","modified_gmt":"2026-01-09T14:26:11","slug":"preisoptimierung-zusammenfassung","status":"publish","type":"page","link":"https:\/\/www.starsellersworld.com\/intl\/preisoptimierung-zusammenfassung\/","title":{"rendered":"Preisoptimierung zusammenfassung"},"content":{"rendered":"\t\t<div data-elementor-type=\"wp-page\" data-elementor-id=\"12011\" class=\"elementor elementor-12011\" data-elementor-post-type=\"page\">\n\t\t\t\t<div class=\"elementor-element elementor-element-45c6a0b e-flex e-con-boxed lakit-col-width-auto-no e-container e-root-container elementor-top-section e-con e-parent\" data-id=\"45c6a0b\" data-element_type=\"container\">\n\t\t\t\t\t<div class=\"e-con-inner\">\n\t\t\t\t<div class=\"elementor-element elementor-element-cf8b94a elementor-widget elementor-widget-heading\" data-id=\"cf8b94a\" data-element_type=\"widget\" data-widget_type=\"heading.default\">\n\t\t\t\t<div class=\"elementor-widget-container\">\n\t\t\t<style>\/*! elementor - v3.23.0 - 05-08-2024 *\/\n.elementor-heading-title{padding:0;margin:0;line-height:1}.elementor-widget-heading .elementor-heading-title[class*=elementor-size-]>a{color:inherit;font-size:inherit;line-height:inherit}.elementor-widget-heading .elementor-heading-title.elementor-size-small{font-size:15px}.elementor-widget-heading .elementor-heading-title.elementor-size-medium{font-size:19px}.elementor-widget-heading .elementor-heading-title.elementor-size-large{font-size:29px}.elementor-widget-heading .elementor-heading-title.elementor-size-xl{font-size:39px}.elementor-widget-heading .elementor-heading-title.elementor-size-xxl{font-size:59px}<\/style><h2 class=\"elementor-heading-title elementor-size-default\">Preisoptimierung zusammenfassung<\/h2>\t\t<\/div>\n\t\t\t\t<\/div>\n\t\t\t\t\t<\/div>\n\t\t\t\t<\/div>\n\t\t<div class=\"elementor-element elementor-element-a16854f e-flex e-con-boxed lakit-col-width-auto-no e-container e-root-container elementor-top-section e-con e-parent\" data-id=\"a16854f\" data-element_type=\"container\">\n\t\t\t\t\t<div class=\"e-con-inner\">\n\t\t\t\t<div class=\"elementor-element elementor-element-d9f62b0 elementor-widget elementor-widget-text-editor\" data-id=\"d9f62b0\" data-element_type=\"widget\" data-widget_type=\"text-editor.default\">\n\t\t\t\t<div class=\"elementor-widget-container\">\n\t\t\t<style>\/*! elementor - v3.23.0 - 05-08-2024 *\/\n.elementor-widget-text-editor.elementor-drop-cap-view-stacked .elementor-drop-cap{background-color:#69727d;color:#fff}.elementor-widget-text-editor.elementor-drop-cap-view-framed .elementor-drop-cap{color:#69727d;border:3px solid;background-color:transparent}.elementor-widget-text-editor:not(.elementor-drop-cap-view-default) .elementor-drop-cap{margin-top:8px}.elementor-widget-text-editor:not(.elementor-drop-cap-view-default) .elementor-drop-cap-letter{width:1em;height:1em}.elementor-widget-text-editor .elementor-drop-cap{float:left;text-align:center;line-height:1;font-size:50px}.elementor-widget-text-editor .elementor-drop-cap-letter{display:inline-block}<\/style>\t\t\t\t<p class=\"\" data-start=\"0\" data-end=\"506\">Starsellersworld bietet mit Dynamic Pricing eine intelligente Echtzeit-Preisberechnung, die Angebot, Nachfrage und Wettbewerb analysiert, um den h\u00f6chsten erzielbaren Preis durchzusetzen. Im Gegensatz zum herk\u00f6mmlichen RePricing, das lediglich Wettbewerber unterbietet, ber\u00fccksichtigt das System zahlreiche Kriterien wie Lieferzeit, Artikelzustand und H\u00e4ndlerbewertung, um wirtschaftlich optimale Zielpreise zu ermitteln. Dadurch werden Margen optimiert und unprofitable Transaktionen automatisch vermieden.<\/p><p class=\"\" data-start=\"508\" data-end=\"994\">Starsellersworld verf\u00fcgt \u00fcber 20 Jahre Erfahrung und ist zertifizierter Amazon Development Partner. Das Unternehmen bietet umfassende Integration mit Amazon-Diensten wie Fulfillment by Amazon (FBA), Sponsored Products, Prime-Programm sowie automatisierte Verwaltung von Bestand, Preisen und Transaktionen. Besonderer Fokus liegt auf der strategischen Optimierung der Amazon BuyBox, sodass H\u00e4ndler dort profitabel platziert werden und h\u00f6here Ums\u00e4tze ohne Margenverlust generieren k\u00f6nnen.<\/p>\t\t\t\t\t\t<\/div>\n\t\t\t\t<\/div>\n\t\t\t\t\t<\/div>\n\t\t\t\t<\/div>\n\t\t\t\t<\/div>\n\t\t","protected":false},"excerpt":{"rendered":"<p>Preisoptimierung zusammenfassung Starsellersworld bietet mit Dynamic Pricing eine intelligente Echtzeit-Preisberechnung, die Angebot, Nachfrage und Wettbewerb analysiert, um den h\u00f6chsten erzielbaren Preis durchzusetzen. Im Gegensatz zum herk\u00f6mmlichen RePricing, das lediglich Wettbewerber unterbietet, ber\u00fccksichtigt das System zahlreiche Kriterien wie Lieferzeit, Artikelzustand und H\u00e4ndlerbewertung, um wirtschaftlich optimale Zielpreise zu ermitteln. Dadurch werden Margen optimiert und unprofitable Transaktionen automatisch [&hellip;]<\/p>\n","protected":false},"author":1406,"featured_media":0,"parent":0,"menu_order":0,"comment_status":"closed","ping_status":"closed","template":"","meta":{"_exactmetrics_skip_tracking":false,"_exactmetrics_sitenote_active":false,"_exactmetrics_sitenote_note":"","_exactmetrics_sitenote_category":0,"footnotes":""},"class_list":["post-12011","page","type-page","status-publish","hentry"],"aioseo_notices":[],"_links":{"self":[{"href":"https:\/\/www.starsellersworld.com\/intl\/wp-json\/wp\/v2\/pages\/12011","targetHints":{"allow":["GET"]}}],"collection":[{"href":"https:\/\/www.starsellersworld.com\/intl\/wp-json\/wp\/v2\/pages"}],"about":[{"href":"https:\/\/www.starsellersworld.com\/intl\/wp-json\/wp\/v2\/types\/page"}],"author":[{"embeddable":true,"href":"https:\/\/www.starsellersworld.com\/intl\/wp-json\/wp\/v2\/users\/1406"}],"replies":[{"embeddable":true,"href":"https:\/\/www.starsellersworld.com\/intl\/wp-json\/wp\/v2\/comments?post=12011"}],"version-history":[{"count":10,"href":"https:\/\/www.starsellersworld.com\/intl\/wp-json\/wp\/v2\/pages\/12011\/revisions"}],"predecessor-version":[{"id":12647,"href":"https:\/\/www.starsellersworld.com\/intl\/wp-json\/wp\/v2\/pages\/12011\/revisions\/12647"}],"wp:attachment":[{"href":"https:\/\/www.starsellersworld.com\/intl\/wp-json\/wp\/v2\/media?parent=12011"}],"curies":[{"name":"wp","href":"https:\/\/api.w.org\/{rel}","templated":true}]}}